{"id":323,"date":"2014-10-02T08:20:58","date_gmt":"2014-10-02T06:20:58","guid":{"rendered":"http:\/\/www.solothurnmasterplan.ch\/?page_id=323"},"modified":"2017-04-12T12:56:50","modified_gmt":"2017-04-12T10:56:50","slug":"wachstum-ohne-verdraengung-forderungen","status":"publish","type":"page","link":"http:\/\/www.solothurnmasterplan.ch\/?page_id=323","title":{"rendered":"Forderungen"},"content":{"rendered":"<p><a title=\"Wachstum ohne Verdr\u00e4ngung\" href=\"http:\/\/www.solothurnmasterplan.ch\/?page_id=281\">Einleitung<\/a> | <a title=\"Potential\" href=\"http:\/\/www.solothurnmasterplan.ch\/?page_id=306\">Potential<\/a> | <a title=\"Freir\u00e4ume\" href=\"http:\/\/www.solothurnmasterplan.ch\/?page_id=308\">Freir\u00e4ume<\/a> | <a title=\"Verpasste Chancen\" href=\"http:\/\/www.solothurnmasterplan.ch\/?page_id=310\">Verpasste Chancen<\/a> | <a title=\"Mut zur Vision\" href=\"http:\/\/www.solothurnmasterplan.ch\/?page_id=312\">Mut zur Vision<\/a> | <a title=\"Forderungen\" href=\"http:\/\/www.solothurnmasterplan.ch\/?page_id=323\">Forderungen<\/a><\/p>\n<p>Wir fordern einen Paradigmenwechsel in der Planungspolitik, damit wir uns nicht mit weiteren verpassten Chancen abfinden m\u00fcssen und das Potentail in der Stadt aussch\u00f6pfen k\u00f6nnen.<img loading=\"lazy\" decoding=\"async\" class=\"aligncenter size-full wp-image-471\" src=\"http:\/\/www.solothurnmasterplan.ch\/wp-content\/uploads\/2016\/06\/Folie30.jpg\" alt=\"Folie30\" width=\"720\" height=\"540\" srcset=\"http:\/\/www.solothurnmasterplan.ch\/wp-content\/uploads\/2016\/06\/Folie30.jpg 720w, http:\/\/www.solothurnmasterplan.ch\/wp-content\/uploads\/2016\/06\/Folie30-300x225.jpg 300w, http:\/\/www.solothurnmasterplan.ch\/wp-content\/uploads\/2016\/06\/Folie30-624x468.jpg 624w\" sizes=\"auto, (max-width: 720px) 100vw, 720px\" \/>Bild 25: Die Schule von Athen<\/p>\n<p>Bei st\u00e4dtebaulich relevanten Projekten soll eine kompetente, \u00fcberkantonale Expertengruppe Projekte beurteilen und Empfehlungen an Projektverfasser, an Beh\u00f6rden und an Bauherren abgeben. Die Gruppe soll m\u00f6glichst unabh\u00e4ngig und interdisziplin\u00e4r zusammengesetzt werden und nicht in der lokalen Klientelpolitik verwoben sein.<\/p>\n<p><img loading=\"lazy\" decoding=\"async\" class=\"aligncenter size-full wp-image-472\" src=\"http:\/\/www.solothurnmasterplan.ch\/wp-content\/uploads\/2016\/06\/Folie31.jpg\" alt=\"Folie31\" width=\"720\" height=\"540\" srcset=\"http:\/\/www.solothurnmasterplan.ch\/wp-content\/uploads\/2016\/06\/Folie31.jpg 720w, http:\/\/www.solothurnmasterplan.ch\/wp-content\/uploads\/2016\/06\/Folie31-300x225.jpg 300w, http:\/\/www.solothurnmasterplan.ch\/wp-content\/uploads\/2016\/06\/Folie31-624x468.jpg 624w\" sizes=\"auto, (max-width: 720px) 100vw, 720px\" \/>Bild 26: Vorindustrielles Solothurn<\/p>\n<p>Ein sofortiges Einfrieren der Bauzonen konzentriert die bauliche Aktivit\u00e4t im gebauten Kontext. Die Stadt kann im Bestand weitergebaut werden. Freifl\u00e4chen werden erhalten und die Grenze zwischen bebaut und unbebaut gesch\u00e4rft.<\/p>\n<p><img loading=\"lazy\" decoding=\"async\" class=\"aligncenter size-full wp-image-473\" src=\"http:\/\/www.solothurnmasterplan.ch\/wp-content\/uploads\/2016\/06\/Folie32.jpg\" alt=\"Folie32\" width=\"720\" height=\"540\" srcset=\"http:\/\/www.solothurnmasterplan.ch\/wp-content\/uploads\/2016\/06\/Folie32.jpg 720w, http:\/\/www.solothurnmasterplan.ch\/wp-content\/uploads\/2016\/06\/Folie32-300x225.jpg 300w, http:\/\/www.solothurnmasterplan.ch\/wp-content\/uploads\/2016\/06\/Folie32-624x468.jpg 624w\" sizes=\"auto, (max-width: 720px) 100vw, 720px\" \/>Bild 27: Die neue Gekr\u00f6nte<\/p>\n<p>Damit sich die Stadt auch in Zukunft entwickeln kann, m\u00fcssen neue Planungsinstrumente geschaffen werden, damit auch der Bestand weitergebaut werden kann. Mit dem n\u00f6tigen Feingef\u00fchl kann auch in einem sensiblen Kontext weitergebaut werden.<\/p>\n<p><a title=\"Mut zur Vision\" href=\"http:\/\/www.solothurnmasterplan.ch\/?page_id=312\">&lt;&lt; Mut zur Vision<\/a><\/p>\n","protected":false},"excerpt":{"rendered":"<p>Einleitung | Potential | Freir\u00e4ume | Verpasste Chancen | Mut zur Vision | Forderungen Wir fordern einen Paradigmenwechsel in der Planungspolitik, damit wir uns nicht mit weiteren verpassten Chancen abfinden m\u00fcssen und das Potentail in der Stadt aussch\u00f6pfen k\u00f6nnen.Bild 25: Die Schule von Athen Bei st\u00e4dtebaulich relevanten Projekten soll eine kompetente, \u00fcberkantonale Expertengruppe Projekte beurteilen [&hellip;]<\/p>\n","protected":false},"author":1,"featured_media":0,"parent":0,"menu_order":0,"comment_status":"open","ping_status":"open","template":"","meta":{"footnotes":""},"class_list":["post-323","page","type-page","status-publish","hentry"],"_links":{"self":[{"href":"http:\/\/www.solothurnmasterplan.ch\/index.php?rest_route=\/wp\/v2\/pages\/323","targetHints":{"allow":["GET"]}}],"collection":[{"href":"http:\/\/www.solothurnmasterplan.ch\/index.php?rest_route=\/wp\/v2\/pages"}],"about":[{"href":"http:\/\/www.solothurnmasterplan.ch\/index.php?rest_route=\/wp\/v2\/types\/page"}],"author":[{"embeddable":true,"href":"http:\/\/www.solothurnmasterplan.ch\/index.php?rest_route=\/wp\/v2\/users\/1"}],"replies":[{"embeddable":true,"href":"http:\/\/www.solothurnmasterplan.ch\/index.php?rest_route=%2Fwp%2Fv2%2Fcomments&post=323"}],"version-history":[{"count":9,"href":"http:\/\/www.solothurnmasterplan.ch\/index.php?rest_route=\/wp\/v2\/pages\/323\/revisions"}],"predecessor-version":[{"id":506,"href":"http:\/\/www.solothurnmasterplan.ch\/index.php?rest_route=\/wp\/v2\/pages\/323\/revisions\/506"}],"wp:attachment":[{"href":"http:\/\/www.solothurnmasterplan.ch\/index.php?rest_route=%2Fwp%2Fv2%2Fmedia&parent=323"}],"curies":[{"name":"wp","href":"https:\/\/api.w.org\/{rel}","templated":true}]}}

<p><a title="Wachstum ohne Verdrängung" href="http://www.solothurnmasterplan.ch/?page_id=281">Einleitung</a> | <a title="Potential" href="http://www.solothurnmasterplan.ch/?page_id=306">Potential</a> | <a title="Freiräume" href="http://www.solothurnmasterplan.ch/?page_id=308">Freiräume</a> | <a title="Verpasste Chancen" href="http://www.solothurnmasterplan.ch/?page_id=310">Verpasste Chancen</a> | <a title="Mut zur Vision" href="http://www.solothurnmasterplan.ch/?page_id=312">Mut zur Vision</a> | <a title="Forderungen" href="http://www.solothurnmasterplan.ch/?page_id=323">Forderungen</a></p>
<p>Wir fordern einen Paradigmenwechsel in der Planungspolitik, damit wir uns nicht mit weiteren verpassten Chancen abfinden müssen und das Potentail in der Stadt ausschöpfen können.<img loading="lazy" decoding="async" class="aligncenter size-full wp-image-471" src="http://www.solothurnmasterplan.ch/wp-content/uploads/2016/06/Folie30.jpg" alt="Folie30" width="720" height="540" srcset="http://www.solothurnmasterplan.ch/wp-content/uploads/2016/06/Folie30.jpg 720w, http://www.solothurnmasterplan.ch/wp-content/uploads/2016/06/Folie30-300x225.jpg 300w, http://www.solothurnmasterplan.ch/wp-content/uploads/2016/06/Folie30-624x468.jpg 624w" sizes="auto, (max-width: 720px) 100vw, 720px" />Bild 25: Die Schule von Athen</p>
<p>Bei städtebaulich relevanten Projekten soll eine kompetente, überkantonale Expertengruppe Projekte beurteilen und Empfehlungen an Projektverfasser, an Behörden und an Bauherren abgeben. Die Gruppe soll möglichst unabhängig und interdisziplinär zusammengesetzt werden und nicht in der lokalen Klientelpolitik verwoben sein.</p>
<p><img loading="lazy" decoding="async" class="aligncenter size-full wp-image-472" src="http://www.solothurnmasterplan.ch/wp-content/uploads/2016/06/Folie31.jpg" alt="Folie31" width="720" height="540" srcset="http://www.solothurnmasterplan.ch/wp-content/uploads/2016/06/Folie31.jpg 720w, http://www.solothurnmasterplan.ch/wp-content/uploads/2016/06/Folie31-300x225.jpg 300w, http://www.solothurnmasterplan.ch/wp-content/uploads/2016/06/Folie31-624x468.jpg 624w" sizes="auto, (max-width: 720px) 100vw, 720px" />Bild 26: Vorindustrielles Solothurn</p>
<p>Ein sofortiges Einfrieren der Bauzonen konzentriert die bauliche Aktivität im gebauten Kontext. Die Stadt kann im Bestand weitergebaut werden. Freiflächen werden erhalten und die Grenze zwischen bebaut und unbebaut geschärft.</p>
<p><img loading="lazy" decoding="async" class="aligncenter size-full wp-image-473" src="http://www.solothurnmasterplan.ch/wp-content/uploads/2016/06/Folie32.jpg" alt="Folie32" width="720" height="540" srcset="http://www.solothurnmasterplan.ch/wp-content/uploads/2016/06/Folie32.jpg 720w, http://www.solothurnmasterplan.ch/wp-content/uploads/2016/06/Folie32-300x225.jpg 300w, http://www.solothurnmasterplan.ch/wp-content/uploads/2016/06/Folie32-624x468.jpg 624w" sizes="auto, (max-width: 720px) 100vw, 720px" />Bild 27: Die neue Gekrönte</p>
<p>Damit sich die Stadt auch in Zukunft entwickeln kann, müssen neue Planungsinstrumente geschaffen werden, damit auch der Bestand weitergebaut werden kann. Mit dem nötigen Feingefühl kann auch in einem sensiblen Kontext weitergebaut werden.</p>
<p><a title="Mut zur Vision" href="http://www.solothurnmasterplan.ch/?page_id=312">&lt;&lt; Mut zur Vision</a></p>

<p>Einleitung | Potential | Freiräume | Verpasste Chancen | Mut zur Vision | Forderungen Wir fordern einen Paradigmenwechsel in der Planungspolitik, damit wir uns nicht mit weiteren verpassten Chancen abfinden müssen und das Potentail in der Stadt ausschöpfen können.Bild 25: Die Schule von Athen Bei städtebaulich relevanten Projekten soll eine kompetente, überkantonale Expertengruppe Projekte beurteilen [&hellip;]</p>
